 base 14, what is -56b87 + 9b?
-56aca
In base 4, what is 10222322 - 10?
10222312
In base 3, what is -10121101202010112 - 11?
-10121101202010200
In base 3, what is 101221111 + -2000102?
22221002
In base 4, what is 13112320 - 1132131?
11320123
In base 16, what is 0 + -6c78f?
-6c78f
In base 11, what is -1 - -5344695?
5344694
In base 11, what is 1794a + 518?
18367
In base 15, what is 2 + -14a0ec0?
-14a0ebd
In base 3, what is 200011111000 - -2?
200011111002
In base 14, what is 137 + -40886?
-4074d
In base 14, what is -347cc - 1ad7?
-364c5
In base 3, what is -2000011110212110 - 122?
-2000011110220002
In base 4, what is -1222301230133 - -3?
-1222301230130
In base 2, what is -10011010010101010000 - -101?
-10011010010101001011
In base 7, what is 116463340 - -20?
116463360
In base 14, what is -3 + 13dcd79?
13dcd76
In base 6, what is 5 - 24320555?
-24320550
In base 7, what is -2050055036 - -5?
-2050055031
In base 15, what is 2 - 4c079?
-4c077
In base 3, what is 2 + 1222102111010102?
1222102111010111
In base 16, what is -a27d86 + 2?
-a27d84
In base 14, what is 82442 - 488?
81d98
In base 3, what is 1012 - 2112210121?
-2112202102
In base 13, what is 1864 - 47c0?
-2c59
In base 9, what is -3261 + -34067?
-37338
In base 11, what is -19 + -342473?
-342491
In base 12, what is 12 + -3a968a8?
-3a96896
In base 12, what is -2 + -104b559b?
-104b55a1
In base 12, what is 40670601 + -3?
406705ba
In base 14, what is 1469c5 - 2?
1469c3
In base 5, what is -24104230 - 401?
-24110131
In base 8, what is -21362 - 345?
-21727
In base 3, what is 121111000 - -10220100?
202101100
In base 10, what is -26 + 11970639?
11970613
In base 9, what is 21540 + -878?
20551
In base 3, what is 12 - 1022221120200222?
-1022221120200210
In base 12, what is -785b960 + 5?
-785b957
In base 15, what is -a0ec - -b39?
-94b3
In base 5, what is 14141100320432 - -2?
14141100320434
In base 11, what is -6 - -11a1435?
11a142a
In base 12, what is -925 - 9b06?
-a82b
In base 4, what is -120201332233213 - 0?
-120201332233213
In base 16, what is 7 - -66cc7?
66cce
In base 9, what is -222381 - 32?
-222423
In base 6, what is 52113223 + -353?
52112430
In base 9, what is -11 - 1016324?
-1016335
In base 12, what is 1 + 5791311?
5791312
In base 12, what is -827b - 425b?
-1051a
In base 5, what is -2044002301 - -113?
-2044002133
In base 2, what is -1000111100101110100100011000 - -10?
-1000111100101110100100010110
In base 15, what is 5 + 1b164a2?
1b164a7
In base 16, what is b19 + fd8?
1af1
In base 13, what is 4b68082 - -1?
4b68083
In base 11, what is -2965a + -8?
-29667
In base 16, what is 3b78e - -12?
3b7a0
In base 15, what is -10a - 86?
-191
In base 3, what is -1102122111201 + 112122?
-1102121222002
In base 16, what is -1 - -b90dbef?
b90dbee
In base 14, what is 1101a0 - 370?
10dc30
In base 3, what is 20121121201101 + 100?
20121121201201
In base 15, what is -4d1 + 2e2a?
2949
In base 13, what is 595 - 9271?
-89a9
In base 3, what is 2020111000 - 12202020?
2000201210
In base 5, what is -102043 + 12404201?
12302103
In base 12, what is 4 - 1542450?
-1542448
In base 11, what is 3a257 - -774?
3aa20
In base 8, what is -2 - -12617744?
12617742
In base 3, what is 10121 + -2201001201221?
-2201001121100
In base 7, what is 64230241 + -3?
64230235
In base 7, what is 1246510303 - -1?
1246510304
In base 5, what is 323013324241 + -1?
323013324240
In base 5, what is -2220223144 + 140?
-2220223004
In base 16, what is -d0d - d8?
-de5
In base 3, what is 210 + 1221201012101110?
1221201012102020
In base 14, what is 1 - 17d870b?
-17d870a
In base 7, what is -12 - -14335434?
14335422
In base 7, what is -130251024 - 6?
-130251033
In base 16, what is -7ded - -e?
-7ddf
In base 16, what is dbe492 + -5?
dbe48d
In base 7, what is -40655405 + -212?
-40655620
In base 5, what is 12 + -4040302300?
-4040302233
In base 14, what is -2 - -387ca40?
387ca3c
In base 13, what is a550 + -112?
a43b
In base 9, what is 164331514 - -5?
164331520
In base 13, what is 97701 + 122?
97823
In base 15, what is -1b - 11ecc10?
-11ecc2b
In base 10, what is 6357296 + 7?
6357303
In base 3, what is -20 + -2102101100021100?
-2102101100021120
In base 11, what is -2956107 + 114?
-2955aa3
In base 5, what is -1023433203214 + -3?
-1023433203222
In base 16, what is -da88c + -1b?
-da8a7
In base 10, what is 4 + -31843908?
-31843904
In base 16, what is e2c5 - 5f?
e266
In base 14, what is 880035 - 11?
880024
In base 6, what is 2152140330 + 2?
2152140332
In base 7, what is 5400631 + 32?
5400663
In base 4, what is 1023303032 - -1310?
1023311002
In base 13, what is 334274a + -28?
3342722
In base 14, what is 2c35 + 2bc?
3113
In base 2, what is 10000101110101110 - 10010000?
10000101100011110
In base 8, what is -5 - 127734210?
-127734215
In base 13, what is a26 + 2c9?
1022
In base 4, what is -3301002 + -31232220?
-101133222
In base 13, what is -10aa37 + -58?
-10aa92
In base 13, what is 5 - 354a767b?
-354a7676
In base 7, what is -13035602 + -11?
-13035613
In base 2, what is 11110001110011001000 - -10?
11110001110011001010
In base 7, what is -1 + 143545330?
143545326
In base 14, what is -4 - -290c3?
290bd
In base 13, what is 17b + -1b512?
-1b364
In base 13, what is -254496b + 3?
-2544968
In base 2, what is 111 + -100010100001011010101101?
-100010100001011010100110
In base 9, what is 18 - -533613?
533632
In base 3, what is 2221022202121 + -10202?
2221022121212
In base 16, what is -4cc + 244?
-288
In base 5, what is -3 + 230133012340?
230133012332
In base 12, what is 4167772 + -2?
4167770
In base 9, what is 105205 + -361?
104734
In base 12, what is -277 + 7107b?
70a04
In base 4, what is -312 - -3232303220?
3232302302
In base 10, what is -846 + -18123?
-18969
In base 6, what is -111155433 + 5?
-111155424
In base 15, what is 17b1 - -8010?
97c1
In base 10, what is 38243 - 1120?
37123
In base 2, what is 100000101 + 10110000110111?
10110100111100
In base 7, what is 1 + 126222510?
126222511
In base 15, what is -82825d5 + 4?
-82825d1
In base 12, what is 1549 + 755b?
8aa8
In base 13, what is -3c + -945?
-984
In base 5, what is 23241023 - -4322?
23300400
In base 3, what is 121120201 - 212122?
120201002
In base 3, what is 10212011101 + 11100?
10212022201
In base 11, what is -194982 + -8a?
-194a61
In base 10, what is -148 + 3318906?
3318758
In base 5, what is -12213303 - 13?
-12213321
In base 12, what is 98b953 - 2?
98b951
In base 15, what is -14275632 + 5?
-1427562c
In base 4, what is -202 - 1103312131010?
-1103312131212
In base 6, what is 52341522 + 2?
52341524
In base 11, what is 162893 - -9?
1628a1
In base 5, what is -103 - 12123130?
-12123233
In base 14, what is -318294d - -7?
-3182946
In base 13, what is 7bca + -452a?
36a0
In base 14, what is -101c6cc + -2?
-101c6d0
In base 7, what is 1 - 223553615?
-223553614
In base 3, what is 110 + -10100001202101021?
-10100001202100211
In base 13, what is 60b2bcc - -3?
60b2c02
In base 3, what is 0 - 221122110102102?
-221122110102102
In base 4, what is 23332 + -1012030231?
-1012000233
In base 10, what is -1090 - -5351?
4261
In base 8, what is 5 - -11230132?
11230137
In base 2, what is -1111101111001 + -1000010111?
-10000110010000
In base 7, what is 414 + -304645?
-304231
In base 15, what is -64e15d - -a?
-64e153
In base 5, what is 104 - 20130024010?
-20130023401
In base 8, what is -373 + -52054?
-52447
In base 2, what is 1100110011100100111100010 + -1?
1100110011100100111100001
In base 8, what is 7450052 + -1?
7450051
In base 9, what is 2 + -153286121?
-153286118
In base 16, what is b1 + 21ebb?
21f6c
In base 8, what is 2640 + -6076?
-3236
In base 3, what is -2 + -12110121001222?
-12110121002001
In base 12, what is 1649a - 8b0?
157aa
In base 4, what is 33 - 101111132030?
-101111131331
In base 13, what is -8 - 5b63768?
-5b63773
In base 9, what is 158 + -51308?
-51140
In base 16, what is -1597 + -2ca?
-1861
In base 16, what is 7c - 1a4a?
-19ce
In base 15, what is 1cb16 - -e50?
1da66
In base 2, what is 101 - -101100101110111110111110100?
101100101110111110111111001
In base 15, what is 143c4 - 4c?
14377
In base 7, what is 2421 + 36351?
42102
In base 13, what is 97b91b - -3?
97b921
In base 16, what is eca4b + -6?
eca45
In base 2, what is -1 + 10000100011110110010010?
10000100011110110010001
In base 11, what is -59 + 1542219?
1542170
In base 12, what is -6103b59 - -4?
-6103